5 - (-50 - -73)) + -172
-130
(33 - 10) + -27 + (13 - 24)
-15
Calculate (-377 - (-25 + -338)) + -1 + -26 + 1.
-40
68 + -43 + (-6 - 18)
1
Evaluate -10 - (-52 - -42 - 4).
4
What is (4287 - 4376) + (-3 + 8 - 48)?
-132
Evaluate -33 + 80 + -44 - (3 - (0 + -23 - -2)).
-21
Calculate 1216 - 1333 - (-136 + 8).
11
-96607 - -96535 - (1 + 0 + -11 + -1)
-61
Evaluate 15 - 0 - (-1 + 13 + -14 - (-86 + -19)).
-88
Evaluate 28 + (-4 - ((20 + -14 - 22) + 9)).
31
3 - 4 - 3 - ((-558 - -573) + (0 - 7))
-12
What is the value of (140 - 64) + -242 + 65?
-101
What is the value of (0 - -6) + (-434 - -441) + (1 - 31)?
-17
Evaluate 41 - (-1 + 1 + -491 + 500).
32
-7 - -23 - ((0 - -2) + (36 - 15))
-7
What is the value of -2 + (77 - 53) - -72?
94
Calculate 69 + 2 + (29 - (-4 - (-45 + 6))) + 16.
81
What is 26 - (-3 + -20) - (-2 + (4 - (-2 + 2)))?
47
What is 46 - (-7 + 2) - 33?
18
Evaluate -9 - (33 - (-10 - (-8 + 5 + -8 + 2))).
-43
Calculate -38 + 3 - ((21 - 27) + (3 - (-3 - 9))).
-44
What is the value of (-63 - 99) + 174 - (-65 + (-2 + 0 - -2))?
77
What is the value of (1 + 0 - 11) + (8 - ((-9 - -4) + 15))?
-12
85 - (-2 + (30 - -1)) - 24
32
What is the value of 25 + 0 - (-32 + 18 + 9 + (-2 - 1))?
33
What is 64 - -1 - (-253 - -391)?
-73
Evaluate -33 + (14 - (31 + (-17 - (-12 - 7)))).
-52
Evaluate (17 - 45 - -40) + -4 + -33.
-25
What is the value of (9 - 19) + 7 - (1 + (-4 - 1)) - -26?
27
51 + -1 - (27 + (-35 - -4) - -10)
44
Calculate (-16 + 87 + 1 - 3) + (-6 - -1) + 6.
70
Calculate (-1 + (-8 - (-19 - 0)) + -83 - 5) + -6.
-84
Evaluate 29 + 3 - -8 - (4 - 4 - -2 - 6).
44
What is 62 + (-46 - (-36 + -7 + 41))?
18
Evaluate -20 - (-86 + 164 - (-28 + -1)).
-127
What is the value of 108 + 0 + -8 + -2397 + 2385?
88
Evaluate (-3 - (-3 + 2) - -1) + -574 + 570.
-5
What is -1 + -2 + 2 + 60 + -47 + -12 + 33?
33
Calculate 13 - (-2 + 0 + (14 - -7 - 10) + 49).
-45
Evaluate 64 - 3 - (1270 - 1328).
119
20 + (0 + -1 + -127 + 1 - -1)
-106
Evaluate 79 - 10 - (-5 - -26 - 4).
52
Calculate -24 - (-81 + 176 - 52).
-67
Evaluate 3 - (-8 + (-2 + 11 + -6 - -4)).
4
Calculate 7 + 3 - (132 + -155 - (0 + 5)).
38
33 + -10 + -9 - -12
26
What is (64 - (79 - -88)) + (0 + 0 + 10 - 3)?
-96
What is 78 + -55 - 32 - (-43 + 0 + 2)?
32
What is the value of 7 + 215 + -226 - (2 - (-1 + 11))?
4
31 + (-145 - (-73 - -6))
-47
18 + (-716 + 653 - (7 + 0))
-52
(8 - 11) + 21 + -12 - (-20 + 10)
16
652 - 492 - (-4 + 91)
73
(-81 - -44) + 29 + 30
22
Evaluate (11 + -10 - 27 - -16) + -29.
-39
What is the value of -18 + 6 - (30 + -15 + 3 - -88)?
-118
What is the value of 10 + 69 + -110 + -23 - (9 + 0)?
-63
49 + (-5 - -6) + 119 + 0 + -100
69
-10 + (-8 + -6 + 13 + 2 - -36)
27
Evaluate 43 + (16 + -12 + 12 - (-4 + 9)).
54
Evaluate 0 - -4 - ((8 + 18 - 14) + (5 - 10)).
-3
Calculate 0 - 22 - (1 + 17 + (722 - 746)).
-16
What is the value of 153 + (92 - 224 - 101)?
-80
What is the value of -189 + 158 - (-107 + 14)?
62
What is the value of -110 - (-28 - 39 - -21)?
-64
-6 - -2 - ((62 - 61) + -31) - (0 - -11)
15
What is the value of (1 - 6 - (10 + -5)) + (-15 - -4) + -44?
-65
Calculate (-10 - -1 - (-4 - -1)) + 422 + -389.
27
What is -17 + (9 - 42) + 75?
25
What is the value of 27 + (-16 - -6) + (-32 - 0)?
-15
1 - 27 - (-177 + 166) - (67 + 0)
-82
What is the value of (35 - (11 - -74 - 41)) + (-2 - 67)?
-78
Calculate -1 + (7 - 16) - (-3 + (5 + -11 - 78)).
77
Calculate -2 + 3 + 75 - (-209 + 234).
51
What is -78 + -57 + 100 - 26?
-61
What is 18 - -5 - (349 + -369)?
43
What is the value of (-13 - (-6 + 13)) + (-13 - (-21 - -11))?
-23
What is the value of 20 + (20 - 12) + -15 - 18?
-5
-38 + 55 + (-57 - 83)
-123
What is the value of -27 - (-99 - -50) - (-1 - 17)?
40
-1 + ((0 - -4) + -2 + -14 - (-1 - -2))
-14
Calculate (5 - 1) + (17 - 12) - (-12 + (-5 - -10)).
16
(-14 - ((15 - 9) + -7) - (14 + 1)) + -8
-36
What is the value of 8 + 19 - 23 - -32 - 1?
35
Calculate -10 + (94 - 44) + -16.
24
Calculate 2 + 57 + 10 + (40 - 21) + -19.
69
Calculate -2 + (0 - (-18 - (-56 - -23))).
-17
What is (82 - 11 - 57) + (-12 - 0) - -90?
92
What is the value of -23 + 9 - ((7 - 77) + 16)?
40
15 - (-29 - (-24 - 30) - (1 + -20))
-29
Calculate (6 - (57 - 15)) + 96 - -27.
87
Calculate -4 + 6 + (173 - 70).
105
Evaluate -42 - (-174 - -125) - ((2 - 1) + -56).
62
What is (61 - (36 + 87)) + 36?
-26
Calculate -6 + 5 - (49 - 18).
-32
What is the value of -9601 + 9481 - (-37 - -2)?
-85
11 + 1 + 66 + (-152 - -74) - -14
14
What is the value of 6 + 10 + -56 + (9 - 11) + 8?
-34
What is the value of -20 - (-1 + -11) - (-3 + (6 - 6))?
-5
What is the value of -136 + 167 - (-2 - -69)?
-36
-12 - -4 - (67 + -90) - (2 + -4 - -126)
-109
What is the value of (1 - (-5 + 4)) + 9 - -102 - -6 - -10?
129
Calculate -18 - (1 + -12 - (4 + (6 - 33))).
-30
1 + 1 + -96 + (27 - (-31 + 79 + -15))
-100
What is the value of 4 + (23 - 25) + (19 - 2) + 9?
28
What is the value of (-15 - -21 - -6 - 11) + 16?
17
What is the value of 12 - -18 - 2 - (8 + (4 - (5 - 6)))?
15
-12 - ((-1975 - -1969) + (50 - 0) + 1)
-57
Evaluate 89 + (-7 - (81 - 33)).
34
Evaluate 15 + 146 + -146 - 133.
-118
What is -2383 - -2406 - (1 + -21)?
43
29 + -9 + 28 + (19 - 16)
51
Calculate 3 + -2 + -1 + (-5 - -8 - 13) - -27.
17
What is -21 - (30 - 25 - (8 - -6)) - -84?
72
-2 - (17 + 14 + -55 + -21)
43
Evaluate -34 + (8 - 24) + 0 + -1 + 8 + 1.
-42
What is the value of (27 - 39) + (-4 + 3 - -16) - -9?
12
Evaluate 16597 + -16572 - (-2 + -1 + 56).
-28
5 + 17 - 4 - (114 - 137)
41
-52 + (-5 - -28) + -17 - -2
-44
(42 - 14 - -14) + -36
6
What is 15 + -106 + 24 + -27 - -13?
-81
What is -81 - (-48 - (14 - (-23 + 60)))?
-56
(46 - (11 + 37)) + 0 + -2 + -3 + -2
-9
What is -4 + (-1 + -1 - (48 + -68)) + -29?
-15
Calculate 41 - ((-20 - -27) + (-16 - (5 - 10))).
45
What is -45 - (17 + (-34 - (5 + -7 + 1)))?
-29
What is the value of 58 + -1 - (-24 - (-73 + 52))?
60
38 + (8 - -32) - -16 - 41
53
Calculate 100 - -12 - (-97 + 148).
61
Evaluate (-38 - 48) + -1 + (-10 - -12) + -15.
-100
Evaluate 29 - (73 + -72) - (-3 + 1).
30
(16 - (2 + (9 - 26 - -20))) + -25
-14
What is the value of -6 - (23 + -21) - 22 - 64?
-94
Evaluate 0 - 3 - (-27 + (-48 - -68) - 48).
52
Calculate 14 + (7 - 39) - (-3 + -3) - -58.
46
Calculate -84 + (6 - (-510 + 530 + (-1 - 18))).
-79
What is -35 - (-40 + (50 - 70))?
25
Calculate (19 - -39 - 46) + -19.
-7
What is (28 - 59) + 20 + 31 - (-8 + -115)?
143
What is -40 + 23 + (-48 - -33) + 5?
-27
What is the value of (41 + (14 - 23) - 9) + -9?
14
What is the value of -878 + 866 + ((8 - 4) + -1 - (-3 + 3))?
-9
Evaluate 56 - 0 - (14 + 7) - 14.
21
What is the value of 40 - 24 - (8 - 0) - -108?
116
What is the value of ((42 - 27) + 8 - -9) + 28?
60
Calculate (-7 + (16 - 26) - -39) + -8.
14
18 - (93 + -58) - -15
-2
Evaluate (135 - (-52 + 145)) + -168.
-126
What is (-2 - 127 - -2) + (121 - (54 - -50))?
-110
(-971 - -957) + (-5 - 0)
-19
What is (4 - (23 - (-35 + 65) - (0 - 27))) + 10?
-6
What is ((-11 - -7) + 16 - -20) + -84?
-52
What is 16 - -50 - -34 - 71?
29
-19 - (0 - 5) - (-9 + -2 - 37)
34
Calculate -51 + 30 + -62 - 6.
-89
Calculate -30 - (-75 - (-56 - -68)).
57
Evaluate -73 + 2 + -2 - (76 - 247 - -182).
-84
Calculate 4 + (-16 - (2 + -9)) + 23 + 44.
62
(-1 - 0) + 9 - (-173 + 190)
-9
Evaluate -51 + -2 - (-2181 - -2018).
110
Calculate 18 + (-1 - 4) + -18 + (-5 - -51).
41
Evaluate -41 - -38 - (-15 + (-17 - -8)).
21
Evaluate (-1 + 14 - (-9 - (19 - 26))) + -75.
-60
Calculate -15 + (44 - 31) + -4 + -2.
-8
Calculate (14 - -5 - 136) + (-12 + 5 - -7) + 4.
-113
What is the value of 9 - ((0 - 9) + 4 + -27)?
41
What is the value of -6 + -1 + (55 + 6 + -19 - -11)?
46
1 + 95 + (-1760 - -1757)
93
Evaluate -1 - (8 + -47 + 99).
-61
What is (2 - (0 + -1)) + 33 + (-36 + 6 - -50)?
56
-61 + -53 + 89 - (-29 + -2)
6
Calculate -14 + (9 + -24 + 11 + 3 - (2 - -100)).
-117
What is (1 - (4 + 29)) + -138 + 136?
-34
What is (2 - (-28 - (-16 - -24))) + -6 + 0 + 1?
33
Calculate -3 + (12 - (10 + -34)).
33
Evaluate -24 - (-87 - (31 + -20)) - 14.
60
What is 55 - (51 + (-13 - 64))?
81
What is -1 + 0 + -29 + 473 + -395?
48
Evaluate -7 + (2 + -9 - (14 + -35)) - (-34 + 0).
41
What is -18 + -6 + 39 + -70 + (14 - 0)?
-41
11 + -3 + (8 + -3 - 10) - (-35 + -13)
51
What is the value of (23 - 100) + 35 + 1?
-41
Evaluate 1 + 3 - (-21 - (-27 + 24)).
22
Evaluate 15 - (-35 - (-9 + -19)).
22
Evaluate -180 + 177 +